e 16
-195
45454 (base 7) to base 2
10110100100010
Convert -13045 (base 6) to base 12.
-1185
202020 (base 3) to base 5
4141
-3307 (base 14) to base 4
-2021323
871 (base 12) to base 9
1624
What is -100001001000101 (base 2) in base 15?
-5060
747 (base 14) to base 3
1222011
Convert -4d6 (base 15) to base 2.
-10001001101
Convert -2102311 (base 4) to base 13.
-437b
What is -206 (base 14) in base 7?
-1106
What is 465 (base 7) in base 6?
1043
57c (base 14) to base 3
1111101
Convert 220a3 (base 11) to base 10.
32057
What is -838 (base 9) in base 15?
-308
Convert 2dd (base 14) to base 8.
1113
Convert 81b (base 14) to base 3.
2012000
What is 8867 (base 15) in base 16?
70e1
What is 1c7 (base 16) in base 12?
31b
What is -3455 (base 6) in base 4?
-30323
Convert 1341 (base 7) to base 9.
636
What is 1445 (base 10) in base 13?
872
-105522 (base 6) to base 7
-35246
-110001110 (base 2) to base 5
-3043
126046 (base 7) to base 3
1012111211
What is 1098 (base 10) in base 4?
101022
What is 10001120 (base 3) in base 11?
1747
10f9 (base 16) to base 11
32a0
Convert -1463 (base 7) to base 6.
-2412
What is -54c (base 14) in base 2?
-10000011000
What is -453 (base 12) in base 13?
-3a2
What is -191c (base 14) in base 5?
-121114
What is -204533 (base 6) in base 11?
-11537
2025 (base 8) to base 12
731
What is 2132 (base 13) in base 14?
196c
-32200 (base 4) to base 5
-12203
349 (base 12) to base 7
1266
1301310 (base 4) to base 8
16164
Convert 3c2 (base 16) to base 3.
1022122
Convert 15c (base 13) to base 15.
116
1a711 (base 11) to base 12
1480a
242 (base 6) to base 14
70
What is 507 (base 16) in base 10?
1287
-312031 (base 4) to base 6
-24021
What is 1105 (base 11) in base 10?
1457
Convert 298b (base 13) to base 8.
13616
Convert 320 (base 5) to base 8.
125
What is -10132301 (base 4) in base 15?
-5688
526 (base 15) to base 4
102021
What is 132 (base 4) in base 15?
20
What is 682 (base 11) in base 9?
1106
What is -33 (base 14) in base 4?
-231
33686 (base 9) to base 2
101011110100010
-719a (base 13) to base 2
-11110100111011
111 (base 7) to base 4
321
What is 2b56 (base 12) in base 14?
1c0a
5a59 (base 14) to base 11
10927
Convert 18510 (base 11) to base 4.
12110301
What is -aa (base 11) in base 3?
-11110
What is -5530 (base 7) in base 16?
-7bd
Convert 22012102 (base 3) to base 8.
13532
20001 (base 8) to base 11
6179
Convert -11201022 (base 3) to base 5.
-102222
Convert -134311 (base 5) to base 2.
-1010111001101
-c326 (base 13) to base 5
-1330103
Convert 23210 (base 4) to base 10.
740
1212 (base 5) to base 11
156
90 (base 13) to base 3
11100
Convert a70 (base 11) to base 3.
1202200
What is -1003233 (base 6) in base 7?
-255120
What is 5033 (base 7) in base 16?
6cb
What is -2144 (base 7) in base 4?
-23333
1290 (base 11) to base 8
3210
Convert -100232 (base 5) to base 13.
-15b7
What is 22101 (base 3) in base 14?
122
11330030 (base 4) to base 6
304352
Convert 10042 (base 5) to base 7.
1613
What is -133 (base 11) in base 8?
-235
-11001101101 (base 2) to base 5
-23040
-2005 (base 6) to base 2
-110110101
Convert 4443 (base 5) to base 3.
212002
Convert -2096 (base 10) to base 13.
-c53
What is 11000011101 (base 2) in base 5?
22230
What is 28977 (base 12) in base 7?
324154
-321011 (base 4) to base 8
-7105
What is 1834 (base 10) in base 16?
72a
What is 3102 (base 11) in base 13?
1b48
What is 9a8 (base 12) in base 10?
1424
Convert 177 (base 12) to base 16.
eb
Convert 1674 (base 10) to base 8.
3212
Convert 5b3 (base 12) to base 9.
1150
Convert -72a (base 12) to base 11.
-868
Convert -135 (base 7) to base 4.
-1023
Convert -25961 (base 10) to base 6.
-320105
Convert 1211121122 (base 3) to base 14.
d278
Convert -17605 (base 8) to base 16.
-1f85
What is 603 (base 7) in base 9?
360
4635 (base 15) to base 9
22385
Convert -10a12 (base 14) to base 5.
-2243032
-343011 (base 5) to base 9
-17727
What is -63 (base 12) in base 14?
-55
-22781 (base 12) to base 4
-23033101
Convert 668 (base 9) to base 2.
1000100100
1223 (base 8) to base 4
22103
-2045 (base 6) to base 11
-38a
-3055 (base 8) to base 14
-80d
What is 534 (base 10) in base 3?
201210
Convert -1312 (base 4) to base 14.
-86
What is -3188 (base 10) in base 11?
-2439
What is a1 (base 11) in base 9?
133
Convert -31020 (base 9) to base 5.
-1123210
-11020 (base 11) to base 15
-4b14
7100 (base 8) to base 2
111001000000
Convert 200043 (base 6) to base 8.
36333
What is 1b6 (base 13) in base 14?
18a
-10011001111000 (base 2) to base 15
-2db8
-541 (base 9) to base 12
-30a
-3261 (base 8) to base 11
-1318
1123424 (base 5) to base 6
234505
Convert -12a2 (base 13) to base 6.
-20203
3746 (base 9) to base 2
101011101100
What is -2461 (base 10) in base 15?
-ae1
Convert -398 (base 11) to base 2.
-111010110
-534415 (base 6) to base 13
-16c13
2220212212 (base 3) to base 5
3320011
Convert 13510 (base 7) to base 2.
111001100010
Convert 31 (base 6) to base 8.
23
Convert -18145 (base 12) to base 2.
-1000011111000101
10111100000010 (base 2) to base 8
27402
6756 (base 8) to base 12
2092
2420 (base 9) to base 3
2110200
What is 41247 (base 9) in base 5?
1332203
Convert 135436 (base 7) to base 9.
38531
What is -828 (base 14) in base 10?
-1604
-133003 (base 4) to base 15
-8c7
-10423 (base 6) to base 10
-1455
What is 40a1 (base 12) in base 5?
211113
What is 10001011000 (base 2) in base 16?
458
147 (base 13) to base 9
273
-1415 (base 6) to base 9
-452
1201021 (base 3) to base 7
3433
Convert -2220112 (base 3) to base 10.
-2120
-a6b (base 13) to base 14
-911
-b25a (base 16) to base 5
-2430113
What is 2233002 (base 5) in base 6?
504012
Convert 44535 (base 6) to base 13.
2acb
Convert 391b (base 12) to base 2.
1100101100111
5228 (base 9) to base 14
157b
What is 2300 (base 5) in base 12?
231
222002 (base 5) to base 9
11563
What is -249 (base 12) in base 2?
-101011001
204641 (base 7) to base 13
130c1
-2002 (base 3) to base 2
-111000
-169a (base 16) to base 4
-1122122
Convert 1555 (base 14) to base 13.
1963
What is -5 (base 6) in base 4?
-11
Convert -20301310 (base 4) to base 16.
-8c74
200220012 (base 3) to base 5
420100
What is 203d (base 15) in base 12?
3b34
What is -133542 (base 7) in base 4?
-12023202
Convert -101010010100 (base 2) to base 3.
-10201022
Convert -121220 (base 3) to base 12.
-320
Convert 1616a (base 11) to base 7.
123354
What is -245 (base 16) in base 5?
-4311
Convert -10432 (base 5) to base 11.
-615
53263 (base 9) to base 11
24500
21412 (base 5) to base 7
4215
What is -155 (base 10) in base 3?
-12202
123251 (base 6) to base 2
10101101101111
Convert 3447 (base 9) to base 4.
213322
What is -151540 (base 6) in base 7?
-60534
1079 (base 12) to base 11
1406
What is 1343 (base 8) in base 16?
2e3
23265 (base 7) to base 9
8170
Convert -650 (base 7) to base 5.
-2304
Convert 22222022 (base 3) to base 15.
1e12
What is 351313 (base 7) in base 5?
4003201
Convert -12c75 (base 14) to base 4.
-23110113
Convert 239b (base 12) to base 9.
5442
Convert -1000000111011 (base 2) to base 10.
-4155
Convert -202252 (base 6) to base 16.
-3ed8
Convert -4214 (base 11) to base 5.
-134311
Convert 38866 (base 9) to base 16.
666f
What is 110111011011 (base 2) in base 13?
17cb
What is 812 (base 16) in base 3?
2211112
-864 (base 16) to base 9
-2846
Convert -121330 (base 4) to base 6.
-11404
-19615 (base 13) to base 15
-e961
7022 (base 16) to base 15
878b
Convert -35 (base 7) to base 16.
-1a
What is -363541 (base 7) in base 3?
-10100201021
Convert 323021 (base 6) to base 9.
40414
-2011011 (base 5) to base 14
-b942
45040 (base 8) to base 10
18976
1752 (base 14) to base 6
31220
8879 (base 12) to base 16
3add
Convert -19750 (base 10) to base 12.
-b51a
What is 301432 (base 5) in base 11?
7253
80aa (base 12) to base 7
55453
Convert 14334 (base 8) to base 3.
22201201
22151 (base 6) to base 10
3091
What is -14354 (base 13) in base 10?
-37925
110001000 (base 2) to base 9
475
1705 (base 8) to base 3
1022202
1077 (base 9) to base 6
3411
What is 237 (base 14) in base 12?
309
What is -15b1 (base 14) in base 15?
-1239
Convert 24055 (base 6) to base 13.
1787
Convert -12240 (base 7) to base 2.
-110010001101
Convert 310123 (base 6) to base 10.
24675
Convert -5631 (base 7) to base 10.
-2031
Convert 111002 (base 5) to base 15.
1237
Convert 897 (base 15) to base 10.
1942
Convert 1021013 (base 4) to base 10.
4679
What i